111000011100 (base 2) in base 11?
-2794
2222112 (base 3) to base 4
201332
Convert 4102 (base 5) to base 2.
1000001111
What is 3352 (base 7) in base 16?
4bd
Convert 4323 (base 5) to base 10.
588
-42211 (base 8) to base 10
-17545
What is 15720 (base 8) in base 4?
1233100
Convert 20011000 (base 3) to base 15.
14dc
Convert 8a5 (base 11) to base 16.
43b
-1a78 (base 11) to base 10
-2626
2456 (base 14) to base 13
2b74
25430 (base 6) to base 7
14115
Convert -3450 (base 13) to base 6.
-53540
What is 11512 (base 8) in base 9?
6686
What is -1011100100 (base 2) in base 10?
-740
Convert -3040 (base 7) to base 8.
-2041
What is 50022 (base 8) in base 11?
14445
Convert -394 (base 13) to base 5.
-10003
-2238 (base 9) to base 15
-755
Convert -10111 (base 3) to base 8.
-136
Convert -5768 (base 15) to base 14.
-6a8c
1b5 (base 15) to base 6
1455
-10221 (base 3) to base 2
-1101010
What is b04 (base 14) in base 7?
6204
What is 1767 (base 11) in base 6?
14231
Convert -40335 (base 10) to base 9.
-61286
What is 79e (base 15) in base 8?
3274
-343435 (base 6) to base 16
-728f
Convert 742 (base 16) to base 12.
10aa
What is -2c8 (base 13) in base 3?
-200121
-1b16 (base 12) to base 13
-1692
Convert 519 (base 12) to base 4.
23211
a52 (base 13) to base 5
24012
What is 10201200 (base 4) in base 16?
4860
What is -2210100 (base 3) in base 8?
-3762
-664 (base 8) to base 11
-367
-31203 (base 6) to base 8
-10123
-421103 (base 5) to base 15
-41bd
Convert -10010101001000 (base 2) to base 12.
-5634
78 (base 16) to base 15
80
What is -471b (base 12) in base 5?
-223233
110100101100 (base 2) to base 15
eec
What is -32313 (base 4) in base 15?
-436
-2221122000 (base 3) to base 12
-29716
Convert -611 (base 9) to base 8.
-760
Convert 18966 (base 11) to base 6.
322242
Convert a58 (base 13) to base 2.
11011100011
Convert 29234 (base 11) to base 9.
62875
What is -111110000 (base 2) in base 4?
-13300
-1122 (base 9) to base 16
-33e
1402 (base 8) to base 16
302
What is -34501 (base 9) in base 3?
-1011120001
What is 5562 (base 10) in base 13?
26bb
What is 1797a (base 12) in base 15?
a217
What is 1324 (base 15) in base 8?
7764
What is c4c (base 15) in base 10?
2772
What is -10132 (base 4) in base 13?
-190
Convert -8a (base 12) to base 11.
-97
What is -cc4 (base 15) in base 11?
-2192
What is -1420 (base 7) in base 4?
-20221
What is -1e37 (base 16) in base 8?
-17067
Convert 2225 (base 10) to base 4.
202301
Convert 24702 (base 8) to base 6.
121254
What is 153532 (base 6) in base 12?
88a8
Convert -1686 (base 12) to base 8.
-5206
aa23 (base 13) to base 14
88c1
14415 (base 6) to base 9
3152
Convert 4635 (base 7) to base 8.
3234
-1346 (base 8) to base 13
-451
What is 203 (base 13) in base 8?
525
Convert 13002 (base 7) to base 13.
1740
Convert -706 (base 15) to base 4.
-120231
3cda (base 16) to base 4
3303122
What is 1010110110001 (base 2) in base 15?
19a3
What is -1552 (base 6) in base 10?
-428
134421 (base 5) to base 11
4241
-2334441 (base 5) to base 7
-236501
10224 (base 5) to base 15
30e
690 (base 16) to base 9
2266
Convert 549 (base 10) to base 5.
4144
-4b97 (base 15) to base 5
-1003432
What is -1332 (base 6) in base 12?
-248
Convert -1477 (base 8) to base 7.
-2265
What is 1101000111110 (base 2) in base 10?
6718
Convert -6751 (base 16) to base 14.
-98d3
Convert -46 (base 8) to base 11.
-35
Convert 1100010100 (base 2) to base 16.
314
56 (base 7) to base 13
32
-143453 (base 8) to base 13
-1a291
10321111 (base 4) to base 12
b731
1000001111100110 (base 2) to base 9
51277
2986 (base 10) to base 4
232222
What is 20001 (base 4) in base 6?
2213
-21250 (base 11) to base 2
-111100010111110
Convert -9e (base 16) to base 4.
-2132
What is 398 (base 13) in base 7?
1562
What is 5c (base 13) in base 15?
52
-702 (base 10) to base 4
-22332
-3423 (base 5) to base 9
-602
Convert -506 (base 7) to base 9.
-308
What is 3325 (base 6) in base 2?
1100000101
Convert -715 (base 12) to base 8.
-2001
Convert 24672 (base 9) to base 15.
4dae
44d (base 14) to base 9
1147
What is -16623 (base 8) in base 6?
-55015
Convert 519 (base 15) to base 5.
14044
-234 (base 13) to base 15
-1a6
What is -47695 (base 10) in base 6?
-1004451
11022202 (base 3) to base 14
1212
What is -12100 (base 3) in base 8?
-220
What is 1b10 (base 14) in base 7?
20220
Convert 183 (base 13) to base 15.
136
15530 (base 7) to base 3
20000022
Convert -101001 (base 4) to base 13.
-65a
Convert -860 (base 11) to base 9.
-1368
Convert -2264 (base 13) to base 11.
-3687
Convert 12212012 (base 4) to base 8.
64606
Convert c79 (base 15) to base 6.
21010
-24141 (base 5) to base 14
-924
Convert 3 (base 4) to base 2.
11
What is 430 (base 7) in base 13?
139
What is -4143 (base 10) in base 2?
-1000000101111
What is 14377 (base 10) in base 9?
21644
What is -31b (base 14) in base 6?
-2501
What is -21223 (base 8) in base 2?
-10001010010011
What is 50452 (base 6) in base 7?
25256
What is 296 (base 11) in base 4?
11123
1d7 (base 15) to base 5
3202
-37e (base 16) to base 2
-1101111110
What is -110032 (base 4) in base 3?
-1202221
Convert -22263 (base 7) to base 14.
-20a3
What is 203542 (base 7) in base 2?
1000100001100110
23332230 (base 4) to base 15
e813
Convert 11ae (base 15) to base 5.
110024
-1102220 (base 3) to base 2
-10000011010
What is -ad6b (base 16) in base 9?
-66807
Convert -200434 (base 5) to base 11.
-4870
Convert -47900 (base 10) to base 9.
-72632
What is -223103 (base 4) in base 14?
-101d
What is -2939 (base 16) in base 6?
-120505
-20326 (base 9) to base 5
-412024
What is 30213 (base 4) in base 13?
4a1
Convert 41025 (base 6) to base 11.
4085
Convert 666 (base 10) to base 14.
358
Convert -1a55 (base 12) to base 10.
-3233
5575 (base 8) to base 13
1453
Convert 3303 (base 8) to base 9.
2333
What is -1202 (base 4) in base 11?
-8a
What is -52233 (base 6) in base 16?
-1b5d
-221113 (base 5) to base 10
-7658
-21c (base 13) to base 15
-193
Convert 66101 (base 7) to base 3.
211122122
What is -200 (base 14) in base 2?
-110001000
252502 (base 6) to base 13
a400
What is c50c (base 13) in base 7?
142235
What is -1133131 (base 4) in base 6?
-44141
What is 11101101010101 (base 2) in base 12?
8959
What is 16056 (base 7) in base 14?
18d6
-4a8 (base 16) to base 5
-14232
Convert -422 (base 10) to base 2.
-110100110
-5ed (base 15) to base 16
-544
What is 44423 (base 6) in base 2?
1100000111111
-10d1 (base 14) to base 6
-21315
-2221011 (base 3) to base 16
-859
What is -12312 (base 4) in base 3?
-121020
What is -22111201 (base 3) in base 5?
-144302
What is -100010101110 (base 2) in base 16?
-8ae
What is -2100 (base 7) in base 12?
-513
1120000 (base 3) to base 11
941
What is 4231 (base 6) in base 16?
3bb
Convert b30 (base 14) to base 11.
1719
-aa30 (base 15) to base 2
-1000110011001101
What is 40241 (base 6) in base 7?
21253
Convert -1002020022 (base 3) to base 16.
-533f
17909 (base 10) to base 5
1033114
-2801 (base 12) to base 4
-1020001
-1122020 (base 3) to base 12
-836
Convert 518 (base 15) to base 4.
101330
-100010110100 (base 2) to base 5
-32403
What is 1fa (base 16) in base 10?
506
What is -1060 (base 16) in base 3?
-12202021
1110111 (base 2) to base 15
7e
What is -50b (base 15) in base 9?
-1502
-a78 (base 12) to base 5
-22112
Convert -22232 (base 4) to base 3.
-221102
Convert 22767 (base 9) to base 13.
6bcb
287 (base 13) to base 10
449
What is -302340 (base 5) in base 13?
-4569
-1923 (base 11) to base 6
-15153
What is 6775 (base 9) in base 2?
1001110010001
Convert 16275 (base 9) to base 13.
510b
Convert 2b1 (base 16) to base 10.
689
1101000011 (base 2) to base 16
343
-4115 (base 10) to base 12
-246b
-449 (base 12) to base 8
-1171
-c4f1 (base 16) to base 14
-14533
Convert -1f66 (base 16) to base 7.
-32302
44316 (base 7) to base 11
8404
1434 (base 6) to base 9
464
Convert -625 (base 8) to base 14.
-20d
-177 (base 16) to base 15
-1a0
4725 (base 13) to base 9
14643
b14 (base 15) to base 14
ca2
-33213022 (base 4) to base 16
-f9ca
-b5 (base 14) to base 8
-237
What is -6211 (base 13) in base 5?
-413114
-6693 (base 14) to base 12
-a349
-ac8 (base 13) to base 2
-11100111110
-22002210 (base 3) to base 14
-221d
What is -364 (base 10) in base 16?
-16c
-5023 (base 7) to base 16
-6c4
-333531 (base 6) to base 10
-28063
What is -40d (base 14) in base 5?
-11142
-124a5 (base 12) to base 5
-1244033
5b3 (bas